72 is divided by 741?
725
What is the remainder when 12921 is divided by 225?
96
What is the remainder when 1785 is divided by 539?
168
What is the remainder when 3775 is divided by 352?
255
What is the remainder when 14590 is divided by 38?
36
Calculate the remainder when 20140 is divided by 20098.
42
Calculate the remainder when 1474 is divided by 144.
34
What is the remainder when 52643 is divided by 52632?
11
What is the remainder when 5141 is divided by 767?
539
What is the remainder when 2314 is divided by 25?
14
What is the remainder when 1077433 is divided by 359139?
16
What is the remainder when 37381 is divided by 2336?
5
What is the remainder when 137553 is divided by 17?
6
What is the remainder when 4374 is divided by 13?
6
What is the remainder when 428555 is divided by 16?
11
Calculate the remainder when 4312 is divided by 2146.
20
Calculate the remainder when 6042 is divided by 69.
39
What is the remainder when 20796 is divided by 328?
132
Calculate the remainder when 135966 is divided by 9064.
6
Calculate the remainder when 1042 is divided by 148.
6
Calculate the remainder when 11321 is divided by 2826.
17
Calculate the remainder when 45291 is divided by 22635.
21
Calculate the remainder when 2019 is divided by 91.
17
Calculate the remainder when 224 is divided by 200.
24
What is the remainder when 862968 is divided by 44?
40
Calculate the remainder when 19071 is divided by 53.
44
Calculate the remainder when 58431 is divided by 13.
9
Calculate the remainder when 114047 is divided by 1704.
1583
Calculate the remainder when 11323 is divided by 18.
1
What is the remainder when 9316 is divided by 63?
55
Calculate the remainder when 1440 is divided by 1436.
4
What is the remainder when 40023 is divided by 4002?
3
What is the remainder when 944 is divided by 24?
8
Calculate the remainder when 32009 is divided by 291.
290
What is the remainder when 76935 is divided by 1506?
129
What is the remainder when 492090 is divided by 64?
58
What is the remainder when 16562 is divided by 127?
52
Calculate the remainder when 10890 is divided by 26.
22
What is the remainder when 37590 is divided by 20?
10
What is the remainder when 114292 is divided by 9?
1
What is the remainder when 663992 is divided by 292?
276
Calculate the remainder when 289699 is divided by 20.
19
What is the remainder when 12329 is divided by 6143?
43
Calculate the remainder when 76100 is divided by 906.
902
Calculate the remainder when 166263 is divided by 5.
3
What is the remainder when 53983 is divided by 919?
681
Calculate the remainder when 983837 is divided by 44.
41
What is the remainder when 16218 is divided by 219?
12
What is the remainder when 7122 is divided by 187?
16
Calculate the remainder when 5718 is divided by 152.
94
What is the remainder when 4247 is divided by 412?
127
What is the remainder when 1404 is divided by 276?
24
Calculate the remainder when 650 is divided by 185.
95
Calculate the remainder when 13821 is divided by 314.
5
What is the remainder when 2841 is divided by 859?
264
What is the remainder when 37277 is divided by 795?
707
Calculate the remainder when 2061137 is divided by 124.
9
What is the remainder when 232048 is divided by 21?
19
What is the remainder when 30070 is divided by 358?
356
What is the remainder when 559029 is divided by 691?
10
Calculate the remainder when 5473 is divided by 219.
217
What is the remainder when 3439 is divided by 312?
7
What is the remainder when 141789 is divided by 633?
630
Calculate the remainder when 75599 is divided by 112.
111
Calculate the remainder when 4240 is divided by 268.
220
Calculate the remainder when 104542 is divided by 1015.
1012
What is the remainder when 111927 is divided by 111863?
64
Calculate the remainder when 90843 is divided by 22706.
19
Calculate the remainder when 2257 is divided by 1040.
177
What is the remainder when 2364 is divided by 48?
12
Calculate the remainder when 77682 is divided by 457.
449
What is the remainder when 242 is divided by 38?
14
What is the remainder when 21089 is divided by 106?
101
What is the remainder when 565727 is divided by 188574?
5
Calculate the remainder when 40388 is divided by 63.
5
What is the remainder when 9575 is divided by 881?
765
What is the remainder when 14531 is divided by 338?
335
What is the remainder when 42400 is divided by 847?
50
Calculate the remainder when 2609 is divided by 704.
497
What is the remainder when 49787 is divided by 130?
127
What is the remainder when 69957 is divided by 786?
3
What is the remainder when 2460 is divided by 480?
60
What is the remainder when 1274252 is divided by 80?
12
Calculate the remainder when 36599 is divided by 18296.
7
What is the remainder when 82134 is divided by 3?
0
What is the remainder when 69781 is divided by 444?
73
What is the remainder when 11712 is divided by 419?
399
Calculate the remainder when 7231 is divided by 1868.
1627
What is the remainder when 53681 is divided by 26769?
143
Calculate the remainder when 19546 is divided by 1086.
1084
What is the remainder when 152966 is divided by 23?
16
What is the remainder when 1482190 is divided by 423?
421
What is the remainder when 129453 is divided by 64725?
3
Calculate the remainder when 26668 is divided by 1703.
1123
Calculate the remainder when 37193 is divided by 6.
5
Calculate the remainder when 6391 is divided by 178.
161
What is the remainder when 10840 is divided by 440?
280
Calculate the remainder when 31128 is divided by 10367.
27
What is the remainder when 12146 is divided by 8?
2
What is the remainder when 66830 is divided by 232?
14
What is the remainder when 78653 is divided by 442?
419
Calculate the remainder when 2938417 is divided by 99.
97
Calculate the remainder when 179078 is divided by 407.
405
What is the remainder when 8470 is divided by 54?
46
Calculate the remainder when 22595 is divided by 387.
149
What is the remainder when 10541 is divided by 4946?
649
What is the remainder when 1997970 is divided by 4?
2
What is the remainder when 1386 is divided by 675?
36
What is the remainder when 72059 is divided by 1077?
977
What is the remainder when 92541 is divided by 23115?
81
What is the remainder when 3317 is divided by 69?
5
What is the remainder when 66989 is divided by 1263?
50
Calculate the remainder when 4366 is divided by 1430.
76
What is the remainder when 558 is divided by 32?
14
Calculate the remainder when 63603 is divided by 17.
6
What is the remainder when 5212 is divided by 137?
6
What is the remainder when 6540 is divided by 508?
444
Calculate the remainder when 2001 is divided by 456.
177
Calculate the remainder when 398100 is divided by 199023.
54
Calculate the remainder when 3320 is divided by 277.
273
What is the remainder when 5493 is divided by 22?
15
Calculate the remainder when 62826 is divided by 58.
12
Calculate the remainder when 5361 is divided by 3735.
1626
What is the remainder when 1459815 is divided by 47?
42
What is the remainder when 20107 is divided by 9625?
857
Calculate the remainder when 13877 is divided by 148.
113
Calculate the remainder when 78642 is divided by 105.
102
What is the remainder when 4553 is divided by 2121?
311
Calculate the remainder when 234368 is divided by 223.
218
What is the remainder when 433001 is divided by 2?
1
Calculate the remainder when 101499 is divided by 9.
6
What is the remainder when 2221 is divided by 67?
10
Calculate the remainder when 134039 is divided by 19.
13
Calculate the remainder when 4287 is divided by 45.
12
Calculate the remainder when 15330 is divided by 15310.
20
What is the remainder when 27418 is divided by 68?
14
What is the remainder when 396419 is divided by 1592?
11
Calculate the remainder when 71302 is divided by 171.
166
Calculate the remainder when 50309 is divided by 78.
77
What is the remainder when 4064589 is divided by 336?
333
What is the remainder when 18887 is divided by 651?
8
What is the remainder when 17156 is divided by 43?
42
Calculate the remainder when 127522 is divided by 1315.
1282
Calculate the remainder when 7695 is divided by 3826.
43
Calculate the remainder when 205028 is divided by 5.
3
Calculate the remainder when 2355 is divided by 116.
35
What is the remainder when 4595 is divided by 